ctors of 2269.
2269
What are the prime factors of 871?
13, 67
What are the prime factors of 4779?
3, 59
What are the prime factors of 5111?
19, 269
What are the prime factors of 1534?
2, 13, 59
List the prime factors of 9526.
2, 11, 433
What are the prime factors of 326?
2, 163
What are the prime factors of 1082?
2, 541
What are the prime factors of 6758?
2, 31, 109
List the prime factors of 72328.
2, 9041
List the prime factors of 21020.
2, 5, 1051
What are the prime factors of 110087?
283, 389
List the prime factors of 1446.
2, 3, 241
List the prime factors of 50710.
2, 5, 11, 461
What are the prime factors of 1636?
2, 409
What are the prime factors of 3807?
3, 47
List the prime factors of 134965.
5, 26993
What are the prime factors of 460?
2, 5, 23
What are the prime factors of 8448?
2, 3, 11
What are the prime factors of 53767?
7, 7681
What are the prime factors of 11851?
7, 1693
List the prime factors of 2387.
7, 11, 31
What are the prime factors of 13060?
2, 5, 653
What are the prime factors of 39141?
3, 4349
List the prime factors of 748.
2, 11, 17
What are the prime factors of 1362?
2, 3, 227
List the prime factors of 13217.
13217
What are the prime factors of 1142?
2, 571
List the prime factors of 6990.
2, 3, 5, 233
List the prime factors of 83583.
3, 37, 251
What are the prime factors of 861?
3, 7, 41
List the prime factors of 44003.
79, 557
What are the prime factors of 35378?
2, 7, 19
What are the prime factors of 209?
11, 19
What are the prime factors of 8620?
2, 5, 431
What are the prime factors of 4803?
3, 1601
What are the prime factors of 3442?
2, 1721
List the prime factors of 9162.
2, 3, 509
What are the prime factors of 399?
3, 7, 19
List the prime factors of 3922.
2, 37, 53
List the prime factors of 3056.
2, 191
What are the prime factors of 27773?
27773
What are the prime factors of 8325?
3, 5, 37
What are the prime factors of 1905?
3, 5, 127
What are the prime factors of 31633?
7, 4519
List the prime factors of 4970.
2, 5, 7, 71
List the prime factors of 1667.
1667
What are the prime factors of 7910?
2, 5, 7, 113
What are the prime factors of 9531?
3, 353
What are the prime factors of 3239?
41, 79
List the prime factors of 416.
2, 13
What are the prime factors of 6255?
3, 5, 139
What are the prime factors of 793?
13, 61
List the prime factors of 398.
2, 199
What are the prime factors of 12709?
71, 179
List the prime factors of 35451.
3, 13, 101
List the prime factors of 22299.
3, 7433
List the prime factors of 9827.
31, 317
List the prime factors of 151193.
7, 21599
What are the prime factors of 84491?
11, 7681
What are the prime factors of 1569?
3, 523
What are the prime factors of 1295?
5, 7, 37
What are the prime factors of 745?
5, 149
List the prime factors of 575.
5, 23
What are the prime factors of 26169?
3, 11, 13, 61
What are the prime factors of 1707?
3, 569
List the prime factors of 3559.
3559
What are the prime factors of 1079?
13, 83
List the prime factors of 63944.
2, 7993
List the prime factors of 6582.
2, 3, 1097
List the prime factors of 1767.
3, 19, 31
List the prime factors of 2679.
3, 19, 47
List the prime factors of 951.
3, 317
List the prime factors of 24294.
2, 3, 4049
List the prime factors of 99318.
2, 3, 16553
List the prime factors of 65353.
65353
What are the prime factors of 1709?
1709
List the prime factors of 10.
2, 5
List the prime factors of 225.
3, 5
What are the prime factors of 4012?
2, 17, 59
List the prime factors of 18103.
43, 421
What are the prime factors of 2695?
5, 7, 11
What are the prime factors of 580?
2, 5, 29
List the prime factors of 15151.
109, 139
What are the prime factors of 28?
2, 7
List the prime factors of 18019.
37, 487
What are the prime factors of 2411?
2411
List the prime factors of 4058.
2, 2029
List the prime factors of 20838.
2, 3, 23, 151
List the prime factors of 5939.
5939
What are the prime factors of 46029?
3, 67, 229
List the prime factors of 73064.
2, 9133
What are the prime factors of 2641?
19, 139
List the prime factors of 536.
2, 67
List the prime factors of 65.
5, 13
List the prime factors of 477.
3, 53
List the prime factors of 3173.
19, 167
What are the prime factors of 7687?
7687
List the prime factors of 20233.
20233
List the prime factors of 8459.
11, 769
What are the prime factors of 18762?
2, 3, 53, 59
List the prime factors of 68674.
2, 34337
What are the prime factors of 10101?
3, 7, 13, 37
What are the prime factors of 26914?
2, 13457
What are the prime factors of 33850?
2, 5, 677
What are the prime factors of 54855?
3, 5, 23, 53
List the prime factors of 50678.
2, 25339
List the prime factors of 43148.
2, 7, 23, 67
What are the prime factors of 24640?
2, 5, 7, 11
What are the prime factors of 6290?
2, 5, 17, 37
List the prime factors of 235.
5, 47
List the prime factors of 6357.
3, 13, 163
What are the prime factors of 405?
3, 5
What are the prime factors of 42991?
13, 3307
What are the prime factors of 5735?
5, 31, 37
List the prime factors of 43499.
43499
List the prime factors of 6329.
6329
What are the prime factors of 20502?
2, 3, 17, 67
What are the prime factors of 15671?
15671
List the prime factors of 1124.
2, 281
What are the prime factors of 52356?
2, 3, 4363
List the prime factors of 2332.
2, 11, 53
What are the prime factors of 18857?
109, 173
What are the prime factors of 3780?
2, 3, 5, 7
What are the prime factors of 487?
487
What are the prime factors of 48995?
5, 41, 239
List the prime factors of 1809.
3, 67
What are the prime factors of 6834?
2, 3, 17, 67
What are the prime factors of 1111?
11, 101
List the prime factors of 23848.
2, 11, 271
What are the prime factors of 5795?
5, 19, 61
List the prime factors of 681.
3, 227
What are the prime factors of 152347?
13, 11719
List the prime factors of 27.
3
List the prime factors of 2426.
2, 1213
List the prime factors of 49972.
2, 13, 31
List the prime factors of 1834.
2, 7, 131
What are the prime factors of 7537?
7537
What are the prime factors of 41709?
3, 13903
What are the prime factors of 1691?
19, 89
What are the prime factors of 8961?
3, 29, 103
List the prime factors of 3276.
2, 3, 7, 13
List the prime factors of 9248.
2, 17
What are the prime factors of 1035?
3, 5, 23
List the prime factors of 4401.
3, 163
What are the prime factors of 13096?
2, 1637
List the prime factors of 84057.
3, 28019
What are the prime factors of 54023?
89, 607
List the prime factors of 44411.
89, 499
What are the prime factors of 6756?
2, 3, 563
List the prime factors of 910.
2, 5, 7, 13
What are the prime factors of 25479?
3, 19, 149
What are the prime factors of 634?
2, 317
List the prime factors of 65878.
2, 32939
List the prime factors of 96362.
2, 7, 6883
List the prime factors of 13256.
2, 1657
What are the prime factors of 60888?
2, 3, 43, 59
What are the prime factors of 153?
3, 17
List the prime factors of 97475.
5, 7, 557
What are the prime factors of 15527?
15527
List the prime factors of 21373.
11, 29, 67
What are the prime factors of 12344?
2, 1543
List the prime factors of 41430.
2, 3, 5, 1381
List the prime factors of 1192.
2, 149
List the prime factors of 51721.
51721
What are the prime factors of 1336?
2, 167
List the prime factors of 5833.
19, 307
What are the prime factors of 7659?
3, 23, 37
List the prime factors of 90.
2, 3, 5
What are the prime factors of 12698?
2, 7, 907
List the prime factors of 188472.
2, 3, 7853
What are the prime factors of 712?
2, 89
List the prime factors of 1085.
5, 7, 31
What are the prime factors of 1762?
2, 881
What are the prime factors of 1573?
11, 13
List the prime factors of 2362.
2, 1181
List the prime factors of 583.
11, 53
What are the prime factors of 2855?
5, 571
What are the prime factors of 12247?
37, 331
List the prime factors of 749.
7, 107
What are the prime factors of 1990?
2, 5, 199
List the prime factors of 3599.
59, 61
List the prime factors of 139289.
19, 7331
List the prime factors of 2498.
2, 1249
What are the prime factors of 8853?
3, 13, 227
List the prime factors of 12070.
2, 5, 17, 71
What are the prime factors of 94131?
3, 10459
List the prime factors of 877.
877
List the prime factors of 72253.
72253
List the prime factors of 615.
3, 5, 41
What are the prime factors of 24935?
5, 4987
List the prime factors of 